{"id":37,"date":"2023-03-23T16:27:00","date_gmt":"2023-03-23T19:27:00","guid":{"rendered":"https:\/\/www.analistadeseguros.com.br\/wp\/?page_id=37"},"modified":"2023-03-23T16:27:59","modified_gmt":"2023-03-23T19:27:59","slug":"sobre-copy-copy-copy","status":"publish","type":"page","link":"https:\/\/www.analistadeseguros.com.br\/?page_id=37","title":{"rendered":"Contato"},"content":{"rendered":"\n\n\t\t\t\t<img loading=\"lazy\" decoding=\"async\" src=\"https:\/\/www.analistadeseguros.com.br\/wp\/wp-content\/uploads\/2023\/03\/site_imagem_1.png\" alt=\"site_imagem_1\" itemprop=\"image\" height=\"456\" width=\"1595\" title=\"site_imagem_1\" onerror=\"this.style.display='none'\"  \/>\n\tSua Empresa est\u00e1 gastando seu dinheiro corretamente com os Seguros que faz?<br \/>\nCom efici\u00eancia e seguran\u00e7a?\n\t<p><b>CONTATO:<\/b><\/p>\n<p>Luiz Spiritus 16 98124 1027<\/p>\n<p>luiz@analistadeseguros.com.br<\/p>\n\n","protected":false},"excerpt":{"rendered":"<p>Sua Empresa est\u00e1 gastando seu dinheiro corretamente com os Seguros que faz? Com efici\u00eancia e seguran\u00e7a? CONTATO: Luiz Spiritus 16 98124 1027 luiz@analistadeseguros.com.br<\/p>\n","protected":false},"author":1,"featured_media":0,"parent":0,"menu_order":0,"comment_status":"closed","ping_status":"closed","template":"","meta":{"site-sidebar-layout":"default","site-content-layout":"page-builder","ast-global-header-display":"","ast-main-header-display":"","ast-hfb-above-header-display":"","ast-hfb-below-header-display":"","ast-hfb-mobile-header-display":"","site-post-title":"disabled","ast-breadcrumbs-content":"","ast-featured-img":"","footer-sml-layout":"","theme-transparent-header-meta":"","adv-header-id-meta":"","stick-header-meta":"","header-above-stick-meta":"","header-main-stick-meta":"","header-below-stick-meta":"","footnotes":""},"class_list":["post-37","page","type-page","status-publish","hentry"],"_links":{"self":[{"href":"https:\/\/www.analistadeseguros.com.br\/index.php?rest_route=\/wp\/v2\/pages\/37","targetHints":{"allow":["GET"]}}],"collection":[{"href":"https:\/\/www.analistadeseguros.com.br\/index.php?rest_route=\/wp\/v2\/pages"}],"about":[{"href":"https:\/\/www.analistadeseguros.com.br\/index.php?rest_route=\/wp\/v2\/types\/page"}],"author":[{"embeddable":true,"href":"https:\/\/www.analistadeseguros.com.br\/index.php?rest_route=\/wp\/v2\/users\/1"}],"replies":[{"embeddable":true,"href":"https:\/\/www.analistadeseguros.com.br\/index.php?rest_route=%2Fwp%2Fv2%2Fcomments&post=37"}],"version-history":[{"count":2,"href":"https:\/\/www.analistadeseguros.com.br\/index.php?rest_route=\/wp\/v2\/pages\/37\/revisions"}],"predecessor-version":[{"id":39,"href":"https:\/\/www.analistadeseguros.com.br\/index.php?rest_route=\/wp\/v2\/pages\/37\/revisions\/39"}],"wp:attachment":[{"href":"https:\/\/www.analistadeseguros.com.br\/index.php?rest_route=%2Fwp%2Fv2%2Fmedia&parent=37"}],"curies":[{"name":"wp","href":"https:\/\/api.w.org\/{rel}","templated":true}]}}